{"id":7,"date":"2021-07-08T20:11:12","date_gmt":"2021-07-08T20:11:12","guid":{"rendered":"https:\/\/alves91.de\/?page_id=7"},"modified":"2021-07-09T15:39:56","modified_gmt":"2021-07-09T15:39:56","slug":"herzlichen-glueckwunsch","status":"publish","type":"page","link":"https:\/\/alves91.de\/","title":{"rendered":"Herzlichen Gl\u00fcckwunsch !"},"content":{"rendered":"\t\t<div data-elementor-type=\"wp-page\" data-elementor-id=\"7\" class=\"elementor elementor-7\" data-elementor-settings=\"[]\">\n\t\t\t\t\t\t\t<div class=\"elementor-section-wrap\">\n\t\t\t\t\t\t\t<section class=\"elementor-section elementor-top-section elementor-element elementor-element-62c847f5 elementor-section-boxed elementor-section-height-default elementor-section-height-default\" data-id=\"62c847f5\" data-element_type=\"section\">\n\t\t\t\t\t\t<div class=\"elementor-container elementor-column-gap-default\">\n\t\t\t\t\t<div class=\"elementor-column elementor-col-100 elementor-top-column elementor-element elementor-element-22b258ef\" data-id=\"22b258ef\" data-element_type=\"column\">\n\t\t\t<div class=\"elementor-widget-wrap elementor-element-populated\">\n\t\t\t\t\t\t\t\t<section class=\"elementor-section elementor-inner-section elementor-element elementor-element-03211da elementor-section-boxed elementor-section-height-default elementor-section-height-default\" data-id=\"03211da\" data-element_type=\"section\">\n\t\t\t\t\t\t<div class=\"elementor-container elementor-column-gap-default\">\n\t\t\t\t\t<div class=\"elementor-column elementor-col-50 elementor-inner-column elementor-element elementor-element-893f153\" data-id=\"893f153\" data-element_type=\"column\">\n\t\t\t<div class=\"elementor-widget-wrap elementor-element-populated\">\n\t\t\t\t\t\t\t\t<div class=\"elementor-element elementor-element-24ee7f1 elementor-widget elementor-widget-text-editor\" data-id=\"24ee7f1\" data-element_type=\"widget\" data-widget_type=\"text-editor.default\">\n\t\t\t\t<div class=\"elementor-widget-container\">\n\t\t\t\t\t\t\t\t<pre id=\"block-776a56fb-6b4d-48c9-a203-e857a3de957c\" class=\"block-editor-rich-text__editable wp-block-verse block-editor-block-list__block wp-block is-selected rich-text\" tabindex=\"0\" role=\"group\" contenteditable=\"true\" aria-multiline=\"true\" aria-label=\"Block: Vers\" data-block=\"776a56fb-6b4d-48c9-a203-e857a3de957c\" data-type=\"core\/verse\" data-title=\"Vers\"><strong data-rich-text-format-boundary=\"true\">30<\/strong> Jahre ist nicht alt,<br data-rich-text-line-break=\"true\" \/>die Zahl l\u00e4sst Marco v\u00f6llig kalt.<br data-rich-text-line-break=\"true\" \/>Auch wenn er gern mit Zahlen spielt<br data-rich-text-line-break=\"true\" \/>und dabei noch Gewinn erzielt,<br data-rich-text-line-break=\"true\" \/>so hat er eines schon erkannt und f\u00fcr sich selbst dann angewandt.<br data-rich-text-line-break=\"true\" \/>F\u00fcr`s Gl\u00fcck <\/pre>\n<pre class=\"block-editor-rich-text__editable wp-block-verse block-editor-block-list__block wp-block is-selected rich-text\" tabindex=\"0\" role=\"group\" contenteditable=\"true\" aria-multiline=\"true\" aria-label=\"Block: Vers\" data-block=\"776a56fb-6b4d-48c9-a203-e857a3de957c\" data-type=\"core\/verse\" data-title=\"Vers\">z\u00e4hlt nicht nur der Verstand.<br data-rich-text-line-break=\"true\" \/>Frau, Freund Familie ist was z\u00e4hlt!<br data-rich-text-line-break=\"true\" \/>Was lange w\u00e4hrt war gut gew\u00e4hlt.<\/pre>\t\t\t\t\t\t<\/div>\n\t\t\t\t<\/div>\n\t\t\t\t\t<\/div>\n\t\t<\/div>\n\t\t\t\t<div class=\"elementor-column elementor-col-50 elementor-inner-column elementor-element elementor-element-270bff5\" data-id=\"270bff5\" data-element_type=\"column\">\n\t\t\t<div class=\"elementor-widget-wrap elementor-element-populated\">\n\t\t\t\t\t\t\t\t<div class=\"elementor-element elementor-element-e2bc93c elementor-widget elementor-widget-image\" data-id=\"e2bc93c\" data-element_type=\"widget\" data-widget_type=\"image.default\">\n\t\t\t\t<div class=\"elementor-widget-container\">\n\t\t\t\t\t\t\t\t\t\t\t\t\t\t\t<img loading=\"lazy\" decoding=\"async\" width=\"706\" height=\"890\" src=\"https:\/\/alves91.de\/wp-content\/uploads\/2021\/07\/Marco_Frei-1.png\" class=\"attachment-large size-large\" alt=\"\" srcset=\"https:\/\/alves91.de\/wp-content\/uploads\/2021\/07\/Marco_Frei-1.png 706w, https:\/\/alves91.de\/wp-content\/uploads\/2021\/07\/Marco_Frei-1-238x300.png 238w\" sizes=\"(max-width: 706px) 100vw, 706px\" style=\"width:100%;height:126.06%;max-width:706px;\" \/>\t\t\t\t\t\t\t\t\t\t\t\t\t\t\t<\/div>\n\t\t\t\t<\/div>\n\t\t\t\t\t<\/div>\n\t\t<\/div>\n\t\t\t\t\t\t\t<\/div>\n\t\t<\/section>\n\t\t\t\t<div class=\"elementor-element elementor-element-3dbb0e54 elementor-widget elementor-widget-text-editor\" data-id=\"3dbb0e54\" data-element_type=\"widget\" data-widget_type=\"text-editor.default\">\n\t\t\t\t<div class=\"elementor-widget-container\">\n\t\t\t\t\t\t\t\t<!-- wp:paragraph {\"align\":\"center\"} -->\n<pre class=\"wp-block-verse has-large-font-size\">\n<\/pre>\n<!-- \/wp:verse -->\t\t\t\t\t\t<\/div>\n\t\t\t\t<\/div>\n\t\t\t\t\t<\/div>\n\t\t<\/div>\n\t\t\t\t\t\t\t<\/div>\n\t\t<\/section>\n\t\t\t\t\t\t<\/div>\n\t\t\t\t\t<\/div>\n\t\t","protected":false},"excerpt":{"rendered":"<p>30 Jahre ist nicht alt,die Zahl l\u00e4sst Marco v\u00f6llig kalt.Auch wenn er gern mit Zahlen spieltund dabei noch Gewinn erzielt,so hat er eines schon erkannt und f\u00fcr sich selbst dann angewandt.F\u00fcr`s Gl\u00fcck z\u00e4hlt nicht nur der Verstand.Frau, Freund Familie ist was z\u00e4hlt!Was lange w\u00e4hrt war gut gew\u00e4hlt.<\/p>\n","protected":false},"author":1,"featured_media":0,"parent":0,"menu_order":0,"comment_status":"closed","ping_status":"closed","template":"","meta":{"footnotes":""},"yoast_head":"<!-- This site is optimized with the Yoast SEO plugin v16.6.1 - https:\/\/yoast.com\/wordpress\/plugins\/seo\/ -->\n<title>Herzlichen Gl\u00fcckwunsch ! - Marco Alves<\/title>\n<meta name=\"robots\" content=\"noindex, follow, max-snippet:-1, max-image-preview:large, max-video-preview:-1\" \/>\n<meta property=\"og:locale\" content=\"de_DE\" \/>\n<meta property=\"og:type\" content=\"article\" \/>\n<meta property=\"og:title\" content=\"Herzlichen Gl\u00fcckwunsch ! - Marco Alves\" \/>\n<meta property=\"og:description\" content=\"30 Jahre ist nicht alt,die Zahl l\u00e4sst Marco v\u00f6llig kalt.Auch wenn er gern mit Zahlen spieltund dabei noch Gewinn erzielt,so hat er eines schon erkannt und f\u00fcr sich selbst dann angewandt.F\u00fcr`s Gl\u00fcck z\u00e4hlt nicht nur der Verstand.Frau, Freund Familie ist was z\u00e4hlt!Was lange w\u00e4hrt war gut gew\u00e4hlt.\" \/>\n<meta property=\"og:url\" content=\"https:\/\/alves91.de\/\" \/>\n<meta property=\"og:site_name\" content=\"Marco Alves\" \/>\n<meta property=\"article:modified_time\" content=\"2021-07-09T15:39:56+00:00\" \/>\n<meta property=\"og:image\" content=\"https:\/\/alves91.de\/wp-content\/uploads\/2021\/07\/Marco_Frei-1.png\" \/>\n<meta name=\"twitter:card\" content=\"summary_large_image\" \/>\n<meta name=\"twitter:label1\" content=\"Gesch\u00e4tzte Lesezeit\" \/>\n\t<meta name=\"twitter:data1\" content=\"1\u00a0Minute\" \/>\n<script type=\"application\/ld+json\" class=\"yoast-schema-graph\">{\"@context\":\"https:\/\/schema.org\",\"@graph\":[{\"@type\":\"WebSite\",\"@id\":\"https:\/\/alves91.de\/#website\",\"url\":\"https:\/\/alves91.de\/\",\"name\":\"Marco Alves\",\"description\":\"\",\"potentialAction\":[{\"@type\":\"SearchAction\",\"target\":{\"@type\":\"EntryPoint\",\"urlTemplate\":\"https:\/\/alves91.de\/?s={search_term_string}\"},\"query-input\":\"required name=search_term_string\"}],\"inLanguage\":\"de\"},{\"@type\":\"ImageObject\",\"@id\":\"https:\/\/alves91.de\/#primaryimage\",\"inLanguage\":\"de\",\"url\":\"https:\/\/alves91.de\/wp-content\/uploads\/2021\/07\/Marco_Frei-1.png\",\"contentUrl\":\"https:\/\/alves91.de\/wp-content\/uploads\/2021\/07\/Marco_Frei-1.png\",\"width\":706,\"height\":890},{\"@type\":\"WebPage\",\"@id\":\"https:\/\/alves91.de\/#webpage\",\"url\":\"https:\/\/alves91.de\/\",\"name\":\"Herzlichen Gl\\u00fcckwunsch ! - Marco Alves\",\"isPartOf\":{\"@id\":\"https:\/\/alves91.de\/#website\"},\"primaryImageOfPage\":{\"@id\":\"https:\/\/alves91.de\/#primaryimage\"},\"datePublished\":\"2021-07-08T20:11:12+00:00\",\"dateModified\":\"2021-07-09T15:39:56+00:00\",\"breadcrumb\":{\"@id\":\"https:\/\/alves91.de\/#breadcrumb\"},\"inLanguage\":\"de\",\"potentialAction\":[{\"@type\":\"ReadAction\",\"target\":[\"https:\/\/alves91.de\/\"]}]},{\"@type\":\"BreadcrumbList\",\"@id\":\"https:\/\/alves91.de\/#breadcrumb\",\"itemListElement\":[{\"@type\":\"ListItem\",\"position\":1,\"name\":\"Startseite\",\"item\":\"https:\/\/alves91.de\/\"},{\"@type\":\"ListItem\",\"position\":2,\"name\":\"Herzlichen Gl\\u00fcckwunsch !\"}]}]}<\/script>\n<!-- \/ Yoast SEO plugin. -->","_links":{"self":[{"href":"https:\/\/alves91.de\/index.php?rest_route=\/wp\/v2\/pages\/7"}],"collection":[{"href":"https:\/\/alves91.de\/index.php?rest_route=\/wp\/v2\/pages"}],"about":[{"href":"https:\/\/alves91.de\/index.php?rest_route=\/wp\/v2\/types\/page"}],"author":[{"embeddable":true,"href":"https:\/\/alves91.de\/index.php?rest_route=\/wp\/v2\/users\/1"}],"replies":[{"embeddable":true,"href":"https:\/\/alves91.de\/index.php?rest_route=%2Fwp%2Fv2%2Fcomments&post=7"}],"version-history":[{"count":24,"href":"https:\/\/alves91.de\/index.php?rest_route=\/wp\/v2\/pages\/7\/revisions"}],"predecessor-version":[{"id":49,"href":"https:\/\/alves91.de\/index.php?rest_route=\/wp\/v2\/pages\/7\/revisions\/49"}],"wp:attachment":[{"href":"https:\/\/alves91.de\/index.php?rest_route=%2Fwp%2Fv2%2Fmedia&parent=7"}],"curies":[{"name":"wp","href":"https:\/\/api.w.org\/{rel}","templated":true}]}}